*t. What are the prime factors of x?
2, 3, 5
Suppose 0 = 2*o - g - 1737, -5*o + 3*o - 3*g + 1749 = 0. List the prime factors of o.
2, 3, 5, 29
What are the prime factors of 12/(864/92440) + 2/18?
2, 3, 107
Let b = -193 - -422. What are the prime factors of b?
229
What are the prime factors of -10497*(-6 - 102/(-18))?
3499
Suppose -118 = 5*w - 7853. List the prime factors of w.
7, 13, 17
Let i(z) = -z**3 - 5*z**2 + 6*z + 3. Let n be i(-6). Suppose 0*x = 2*x - 8, n*x - 885 = -3*c. What are the prime factors of c?
3, 97
Let j = 25 - 22. Suppose -3*u = -3, -6*v + 2*v + 19 = j*u. What are the prime factors of v?
2
Suppose -3 - 3 = -3*d. Let h(m) = 2*m - 9*m**3 + 17*m**3 + d*m**2 - 7*m**3 - 5*m. What are the prime factors of h(3)?
2, 3
Let i be 12304/128 - 2/16. Suppose 10*b - t = 5*b + i, 3*b = -2*t + 55. What are the prime factors of b?
19
Suppose -9*c = -4*c - 10. Suppose -s = c*s - 165. What are the prime factors of s?
5, 11
Let k(a) = -4*a**3 - 2*a**2 - 5*a - 10. Let b be k(-5). Suppose b = 6*q - q. List the prime factors of q.
3, 31
Suppose 5*d + 3*l - 1724 = 7*l, 2*d = 3*l + 691. List the prime factors of d.
2, 43
List the prime factors of (-57568)/(-98)*7/2.
2, 257
Suppose 6*r + 8 = 4*r. What are the prime factors of 450/r*26/(-39)?
3, 5
Suppose -3*c = s + 2*s - 117, -4*s = -2*c + 66. Suppose -93 = -w + c. What are the prime factors of w?
2, 5, 13
Let a = -17 - -23. Suppose -a*z + z - h + 361 = 0, -5*h - 239 = -3*z. What are the prime factors of z?
73
Let d be 145/10 + 3/(-2). Suppose 0 = d*n - 10*n - 315. List the prime factors of n.
3, 5, 7
Let q(j) = -j**3 - 9*j**2 - j + 2. Let b be q(-9). Suppose -6*t - 45 = -b*t. Suppose t = -5*i + 59. List the prime factors of i.
2, 5
List the prime factors of (0 - -2)/((-10)/(-10515)).
3, 701
What are the prime factors of (-3)/((-9)/15) + 22 + -13?
2, 7
Let k be (-30)/(-5) + (-1)/(-1). Suppose k*b + 3*s = 4*b + 165, 0 = -5*b + 2*s + 247. What are the prime factors of b?
3, 17
Let y be 2/(-12) + 260/(-24). Let k(a) = -2*a - 20. Let p be k(y). Suppose -27 = -p*j + 29. What are the prime factors of j?
2, 7
What are the prime factors of (-4552)/(-12) + (-8)/6?
2, 3, 7
Let x(u) = -u**3 - 27*u**2 - 49*u + 10. Let d be x(-25). Suppose 4*t = 5*m - 167, 3*t + 2*m + 134 = -3*m. Let y = d - t. What are the prime factors of y?
2, 7
Let b = 1 - -6. Suppose b*l + 605 = 12*l. What are the prime factors of l?
11
Let d = 44 + 42. Let s = -1 + -56. Let h = s + d. List the prime factors of h.
29
Let j(z) = z**3 - 6*z**2 - 7*z + 5. Let x be j(7). Suppose x*g = 6*g - 45. What are the prime factors of g?
3, 5
Suppose 228 = 2*f + 5*m, -f + 5*m + 90 - 6 = 0. Suppose -5*c + f + 16 = 0. Suppose c = -0*y + y. List the prime factors of y.
2, 3
Let r be 4 + 4/(-4) + -63. List the prime factors of (2 - r) + 1 - -4.
67
Let w = -52 + 102. Suppose -2*q = -6*b + b - 139, 4*b = -q + w. List the prime factors of q.
2, 31
Let g(z) = -102*z - 861. List the prime factors of g(-26).
3, 199
Let t(k) = 12*k + 25. Let r(j) = -85*j - 175. Let h(a) = 2*r(a) + 15*t(a). List the prime factors of h(3).
5, 11
Let t(z) = 23*z + 1. Let f(a) = 47*a + 3. Let r(d) = 4*f(d) - 9*t(d). What are the prime factors of r(-5)?
2, 7
Let f = 4347 + -2385. List the prime factors of f.
2, 3, 109
Let v = -166 + 402. Let b = v + -102. Suppose l + b = 4*a, 39 = -a + 2*a - 3*l. List the prime factors of a.
3, 11
Suppose 3*g - 4*r = 7*g - 2784, 0 = -g - 4*r + 705. List the prime factors of g.
3, 7, 11
Let h(c) = -1111*c - 135. List the prime factors of h(-4).
31, 139
List the prime factors of 378 - 3/(-2)*2.
3, 127
Suppose -b + 248 = -4*a, -1483 + 539 = -4*b + 4*a. What are the prime factors of b?
2, 29
Let c(a) = a**2 + a - 3. Let u be c(-3). Suppose -u*j + 565 = 2*j - 5*v, 555 = 5*j - 3*v. What are the prime factors of j?
2, 3
Let j(l) = 3*l**2 + l + 5. Let g be j(4). Let c be (-16)/4*(-82)/(-8). Let h = c + g. What are the prime factors of h?
2
Suppose -53*b + 162360 = -17*b. List the prime factors of b.
2, 5, 11, 41
Let t = -611 - -2741. What are the prime factors of t?
2, 3, 5, 71
Suppose 33*q - 7820 = 28*q. List the prime factors of q.
2, 17, 23
Suppose -5*w - 4*u - 18 = 2, 3*u + 15 = w. Suppose 0 = -w*a - 4*a + 64. Let i = a + 5. List the prime factors of i.
3, 7
Let n(r) = 1118*r**2 + 3*r + 1. List the prime factors of n(-1).
2, 3, 31
Let f be (32/20)/((-4)/(-70)). What are the prime factors of 2820/f - 2/(-7)?
101
Let c(g) = -4*g**2 - 9*g + 7. Let m be c(-14). List the prime factors of (-5)/4 + 2 - m/12.
5, 11
What are the prime factors of (137 + 34)*(-1)/(-1)?
3, 19
Suppose 5*v + 15 = 0, -3*r - 3*v - 8 = 37. Let m = 56 + -37. Let l = r + m. List the prime factors of l.
7
Suppose -18*w + 7 = -17*w. Suppose 13*i - 270 = w*i. List the prime factors of i.
3, 5
Let x(a) = -17*a - 1. Let r(y) = -17*y - 2. Let m(z) = 5*r(z) - 4*x(z). What are the prime factors of m(-5)?
79
Let c(l) = l**3 + 6*l**2 + 6*l + 7. Let v be c(-5). Suppose 205 = 4*p - 215. Suppose -p = -v*a - a. List the prime factors of a.
5, 7
Let c be 26/39 - 134/(-6). Suppose 20*a - c*a = -207. What are the prime factors of a?
3, 23
Suppose 0 = -q - 0*q - 11. Let s(y) = -y**3 - 12*y**2 - 11*y. Let m be s(q). Suppose m = n + 12 - 50. List the prime factors of n.
2, 19
Let n(f) = 13*f**2 - 5*f - 9. Let u be ((-9)/(-27))/((12/27)/(-4)). List the prime factors of n(u).
3, 41
Let b(d) be the first derivative of -9*d**2 + 22*d + 29. List the prime factors of b(-11).
2, 5, 11
Let v = 91 - 61. Let h = -2 - v. List the prime factors of (h/(-6))/((-4)/(-54)).
2, 3
Let c be 4*-6*(-4)/(-16). Let k be 4*c/(-8) - -17. Suppose r + 3*r = k. What are the prime factors of r?
5
Suppose -5*j - r + 400 = 0, 11*r - 6*r - 137 = -2*j. Suppose -2*c + 74 = -4. Suppose -c = -5*t + j. What are the prime factors of t?
2, 3
Let a = -25 + 39. Let b = 18 - a. Suppose -2*k - 88 - 7 = -3*h, 2*h - 90 = -b*k. List the prime factors of h.
5, 7
Suppose 4*r - 2033 = 5*b + 1566, 4*b - 4550 = -5*r. List the prime factors of r.
2, 3, 151
Suppose -4*y = -3*x - 347, -2*y = -2*x - 98 - 78. What are the prime factors of y?
83
Let m(p) be the second derivative of p**5/20 - p**4/2 + 2*p**2 - 9*p. List the prime factors of m(6).
2
Suppose -432 = -l - 2*l. Suppose -4*b = -b - l. What are the prime factors of b?
2, 3
Let y be 5 - (6/2 - 2). Suppose 0 = -5*l - 4*i + 1027 - 377, 0 = y*i. List the prime factors of l.
2, 5, 13
Let f(y) = -21*y**3 + y**2 - 2*y - 37. What are the prime factors of f(-6)?
4547
What are the prime factors of (18/(-5) + -2)*20/(-8)?
2, 7
Let u be -72*(-3)/15*-5. Let c = -37 - u. List the prime factors of c.
5, 7
Suppose -75 = 9*k - 4*k. What are the prime factors of (-936)/k + (-15)/(-25)?
3, 7
Let y(b) = 127*b**2 - 32*b - 10. What are the prime factors of y(5)?
5, 601
Let b(g) = 2*g**3 + 37*g**2 + 21*g + 55. What are the prime factors of b(-17)?
5, 113
Suppose 0*f + 2560 = 4*f. What are the prime factors of f/14 - 16/(-56)?
2, 23
Let x = 3099 - 1882. List the prime factors of x.
1217
Let r = -517 + 848. List the prime factors of r.
331
Let a(d) = d**2 - 3*d + 7. Let o be a(7). Let p be 2/(-14) + (-282)/(-14). Let t = o - p. What are the prime factors of t?
3, 5
Suppose 0 = -9*g + 8*g - 109. Let l = 141 + g. List the prime factors of l.
2
Suppose 0 = -18*w - 1991 + 10397. What are the prime factors of w?
467
Suppose -2*c = c + 90. Let r = -58 - c. What are the prime factors of (r/6)/(3/(-9))?
2, 7
Suppose 9*u = 6*u + 5*o + 2036, 0 = 2*u - 3*o - 1357. List the prime factors of u.
677
Suppose -341 = -r + 241. List the prime factors of r.
2, 3, 97
Let o(y) = y**2 + 2*y - 1. Let u be o(2). Suppose -u*p = -2*p - 390. List the prime factors of p.
2, 3, 13
Suppose 12*f + 8 = 14*f. Suppose f*j = -2*j + 414. What are the prime factors of j?
3, 23
Suppose 2*g + 2*g = -5*o - 6, -4*o = -5*g - 28. Let z(y) = 4*y**2 + 4*y + 8. List the prime factors of z(g).
2, 7
Suppose 0 = -32*a + 35*a - 3*i - 13422, -4*i = 4. List the prime factors of a.
3, 7, 71
Let y = -85 - -80. Let t(q) = 2 + 3 + q**2 + 6*q + 2. List the prime factors of t(y).
2
Let y be (4/6)/((-16)/(-168)). Let b be 23/y + (-4)/14. What are the prime factors of 1/b + 148/6?
5
Let z(k) = -4*k**3 - k + 2. Let v be z(-2). Let x be -2*3/12*v. Let r = x - -21. List the prime factors of r